
True
Is 1859313 a prime number?
False
Is 6449 a composite number?
False
Is 1577945 composite?
True
Is 1810901 prime?
False
Is 528763 a prime number?
True
Is 64081 a prime number?
True
Is 76039 a prime number?
True
Is 487273 composite?
True
Is 565319 a prime number?
True
Is 12889 prime?
True
Is 18187 prime?
False
Is 6947 prime?
True
Is 64271 a composite number?
False
Is 2819 a prime number?
True
Is 213139 prime?
True
Is 4806561 composite?
True
Is 12235 a composite number?
True
Is 350458 composite?
True
Is 7393 composite?
False
Is 9029 a composite number?
False
Is 35251 composite?
False
Is 781 a prime number?
False
Is 308137 a prime number?
True
Is 921 prime?
False
Is 33541 composite?
True
Is 751 a prime number?
True
Is 10646 a composite number?
True
Is 9566 prime?
False
Is 498217 prime?
False
Is 2049 composite?
True
Is 6891 a prime number?
False
Is 503 a composite number?
False
Is 49157 prime?
True
Is 6943 a prime number?
False
Is 91673 prime?
True
Is 4861 a composite number?
False
Is 269673 composite?
True
Is 9587 a composite number?
False
Is 968041 composite?
False
Is 879 a composite number?
True
Is 35029 a composite number?
True
Is 61779 prime?
False
Is 326057 prime?
True
Is 191339 composite?
False
Is 282599 a prime number?
True
Is 24913 composite?
True
Is 72669 a composite number?
True
Is 1118909 prime?
False
Is 1390121 composite?
False
Is 242863 prime?
True
Is 21389 composite?
True
Is 270619 prime?
True
Is 43223 prime?
True
Is 243197 composite?
False
Is 35417 composite?
True
Is 4049 composite?
False
Is 2543 a composite number?
False
Is 54907 composite?
False
Is 11677 a prime number?
True
Is 16603 prime?
True
Is 511961 a composite number?
False
Is 109639 a prime number?
True
Is 645845 a prime number?
False
Is 16759 prime?
True
Is 80363 a composite number?
False
Is 24607 prime?
False
Is 451 a prime number?
False
Is 223865 a prime number?
False
Is 581 a composite number?
True
Is 518123 composite?
False
Is 38929 prime?
False
Is 18883 a composite number?
True
Is 140929 composite?
False
Is 157957 a prime number?
False
Is 7639 composite?
False
Is 17337 a composite number?
True
Is 348203 a composite number?
True
Is 317711 a prime number?
True
Is 60007 prime?
False
Is 2057387 a prime number?
True
Is 3587 prime?
False
Is 38639 prime?
True
Is 195691 a composite number?
False
Is 32947 a composite number?
True
Is 182117 a composite number?
True
Is 39659 composite?
False
Is 86971 prime?
False
Is 11993 a prime number?
False
Is 230363 composite?
True
Is 1899901 prime?
True
Is 22993 a prime number?
True
Is 23251 a composite number?
False
Is 92077 composite?
False
Is 5381 a composite number?
False
Is 953 prime?
True
Is 321431 composite?
True
Is 149 composite?
False
Is 203695 composite?
True
Is 145133 composite?
False
Is 646397 a prime number?
True
Is 3847 a composite number?
False
Is 298453 prime?
False
Is 381911 a composite number?
False
Is 8779 a prime number?
True
Is 199 prime?
True
Is 14953 a prime number?
False
Is 18299 a composite number?
True
Is 48337 prime?
True
Is 20411 prime?
True
Is 601223 a prime number?
False
Is 19079 a composite number?
False
Is 23149 composite?
True
Is 315473 prime?
False
Is 91079 a prime number?
True
Is 1471 prime?
True
Is 2346521 prime?
True
Is 83071 prime?
True
Is 283051 a composite number?
False
Is 77117 a composite number?
True
Is 77417 prime?
True
Is 317911 composite?
True
Is 5923 prime?
True
Is 174703 a prime number?
True
Is 7341 prime?
False
Is 580589 a prime number?
False
Is 3989 a prime number?
True
Is 363985 composite?
True
Is 21959 composite?
True
Is 278966 composite?
True
Is 38113 composite?
False
Is 1639 a prime number?
False
Is 18455 composite?
True
Is 49871 prime?
True
Is 394739 composite?
False
Is 1949 a prime number?
True
Is 635 a composite number?
True
Is 689 a composite number?
True
Is 6737 composite?
False
Is 1385 a prime number?
False
Is 5599 composite?
True
Is 113281 composite?
True
Is 26399 composite?
False
Is 86531 a prime number?
True
Is 100981 prime?
True
Is 15659 a composite number?
True
Is 157613 a composite number?
True
Is 3117 a composite number?
True
Is 18113 a prime number?
False
Is 231799 prime?
True
Is 3227 a prime number?
False
Is 10951 a composite number?
True
Is 882433 a prime number?
True
Is 3921 prime?
False
Is 22399 prime?
False
Is 1556569 a prime number?
False
Is 5563 a prime number?
True
Is 737617 composite?
False
Is 6997 a prime number?
True
Is 9763 prime?
False
Is 580795 prime?
False
Is 268717 a composite number?
True
Is 47161 a prime number?
True
Is 210709 a prime number?
True
Is 68879 a prime number?
True
Is 92119 composite?
False
Is 35419 prime?
True
Is 2203 prime?
True
Is 102337 prime?
True
Is 1811311 a composite number?
True
Is 350159 a composite number?
False
Is 688157 a composite number?
True
Is 2099 composite?
False
Is 15419 a prime number?
False
Is 3788693 a prime number?
False
Is 3791 a prime number?
False
Is 14669 a composite number?
False
Is 72139 composite?
False
Is 157 prime?
True
Is 10739 composite?
False
Is 447229 composite?
True
Is 281927 a composite number?
False
Is 6131 prime?
True
Is 1101469 prime?
False
Is 2267701 composite?
False
Is 46034 composite?
True
Is 9941 composite?
False
Is 831707 composite?
False
Is 616481 a composite number?
False
Is 29717 prime?
True
Is 7591 prime?
True
Is 16342 composite?
True
Is 174301 a prime number?
False
Is 662 a composite number?
True
Is 44767 a prime number?
False
Is 6733 a prime number?
True
Is 2026 prime?
False
Is 9979 a composite number?
True
Is 59263 composite?
False
Is 76073 composite?
True
Is 6079 a composite number?
False
Is 71849 composite?
False
Is 14594 a composite number?
True
Is 13273 a prime number?
False
Is 629367 prime?
False
Is 580943 a prime number?
False
Is 16143 a composite number?
True
Is 57667 a composite number?
False
Is 7019 a composite number?
False
Is 37691 prime?
True
Is 93097 composite?
False
Is 11363 a composite number?
True
Is 10589 composite?
False
Is 2957 composite?
False
Is 7613 a composite number?
True
Is 91453 composite?
False
Is 130511 a composite number?
True
Is 120539 composite?
False
Is 9127 a prime number?
True
Is 11617 composite?
False
Is 145531 prime?
True
Is 2129 composite?
False
Is 197447 composite?
True
Is 16331 a composite number?
True
Is 449 a composite number?
False
Is 1001207 composite?
True
Is 7283 a composite number?
False
Is 86638 a composite number?
True
Is 4759 composite?
False
Is 23417 a composite number?
False
Is 57301 a composite number?
False
Is 2901 a composite number?
True
Is 7283 composite?
False
Is 29917 a prime number?
True
Is 74755 a composite number?
True
Is 588433 prime?
True
Is 4751 a prime number?
True
Is 21467 a composite number?
False
Is 996011 a composite number?
False
Is 18137 prime?
False
Is 839 prime?
True
Is 6769 a prime number?
False
Is 2477 a composite number?
False
Is 6619 a composite number?
False
Is 28349 prime?
True
Is 191189 composite?
False
Is 161143 composite?
True
Is 5839 a composite number?
False
Is 36973 composite?
False
Is 127151 prime?
False
Is 4367 a prime number?
False
Is 49739 prime?
True
Is 18847 prime?
False
Is 14351 a composite number?
True
Is 3977 a composite number?
True
Is 150287 prime?
True
Is 92893 a prime number?
True
Is 3091 a prime number?
False
Is 43879 composite?
True
Is 41803 a composite number?
True
Is 1010689 prime?
False
Is 1054813 composite?
False
Is 12071 composite?
False
Is 15161 a prime number?
True
Is 28298 composite?
True
Is 99017 prime?
True
Is 21223 a prime number?
False
Is 7241 composite?
True
Is 79889 prime?
True
Is 47219 composite?
True
Is 16033 composite?
False
Is 3079 a composite number?
False
Is 184057 a composite number?
False
Is 202001 composite?
False
Is 613 a composite number?
False
Is 5387 a composite number?
False
Is 54641 a prime number?
False
Is 13953 composite?
True
Is 3221 a composite number?
False
Is 10133 a composite number?
False
Is 332065 composite?
True
Is 28895 composite?
True
Is 7631 a composite number?
True
Is 2155 prime?
False
Is 91187 composite?
True
Is 36251 prime?
True
Is 18587 a prime number?
True
Is 29301 a prime number?
False
Is 16867 a prime number?
False
Is 100999 prime?
True
Is 149191 prime?
False
Is 1014089 a prime number?
True
Is 259195 composite?
True
Is 49681 a prime n